{"id":765,"date":"2020-10-07T17:25:03","date_gmt":"2020-10-07T15:25:03","guid":{"rendered":"http:\/\/chats-norvegiens-harpsicat.fr\/?page_id=765"},"modified":"2021-01-16T18:59:41","modified_gmt":"2021-01-16T17:59:41","slug":"mademoiselle-kanda-de-harpsicat","status":"publish","type":"page","link":"https:\/\/chats-norvegiens-harpsicat.fr\/index.php\/mademoiselle-kanda-de-harpsicat\/","title":{"rendered":"Mademoiselle Kanda de Harpsi&rsquo;Cat"},"content":{"rendered":"\n<p class=\"has-text-color\" style=\"color:#5c1f74\"><span style=\"color:#5c1f74\" class=\"has-inline-color\">Jova et Dali de Harpsi&rsquo;Cat<\/span><\/p>\n\n\n\n<p class=\"has-text-color\" style=\"color:#5c1f74\"><a rel=\"noreferrer noopener\" href=\"https:\/\/pawpeds.com\/db\/?a=p&amp;id=1376422&amp;g=4&amp;p=nfo&amp;o=elastic\" target=\"_blank\"><span style=\"color:#5c1f74\" class=\"has-inline-color\">Son p\u00e9digr\u00e9e<\/span><\/a><\/p>\n\n\n\n<p class=\"has-drop-cap has-text-color\" style=\"color:#5c1f74\"><span style=\"color:#5c1f74\" class=\"has-inline-color\">Mademoiselle Kanda est la fille de Jova et Dali, cette port\u00e9e tr\u00e8s attendue qui a donn\u00e9 de magnifiques chatons. Kanda a pris le relais de sa maman Jova, ses qualit\u00e9s alliant la douceur \u00e0 la beaut\u00e9.<\/span><\/p>\n\n\n\n<figure class=\"wp-block-gallery columns-3 is-cropped wp-block-gallery-1 is-layout-flex wp-block-gallery-is-layout-flex\"><ul class=\"blocks-gallery-grid\"><li class=\"blocks-gallery-item\"><figure><img loading=\"lazy\" decoding=\"async\" width=\"425\" height=\"640\" src=\"https:\/\/chats-norvegiens-harpsicat.fr\/wp-content\/uploads\/2020\/10\/IMGP2391R1.jpg\" alt=\"\" data-id=\"1109\" data-full-url=\"https:\/\/chats-norvegiens-harpsicat.fr\/wp-content\/uploads\/2020\/10\/IMGP2391R1.jpg\" data-link=\"https:\/\/chats-norvegiens-harpsicat.fr\/index.php\/mademoiselle-kanda-de-harpsicat\/imgp2391r1\/\" class=\"wp-image-1109\" srcset=\"https:\/\/chats-norvegiens-harpsicat.fr\/wp-content\/uploads\/2020\/10\/IMGP2391R1.jpg 425w, https:\/\/chats-norvegiens-harpsicat.fr\/wp-content\/uploads\/2020\/10\/IMGP2391R1-199x300.jpg 199w\" sizes=\"(max-width: 425px) 100vw, 425px\" \/><\/figure><\/li><li class=\"blocks-gallery-item\"><figure><img loading=\"lazy\" decoding=\"async\" width=\"425\" height=\"640\" src=\"https:\/\/chats-norvegiens-harpsicat.fr\/wp-content\/uploads\/2020\/10\/IMGP2918R.jpg\" alt=\"\" data-id=\"1102\" data-link=\"https:\/\/chats-norvegiens-harpsicat.fr\/index.php\/mademoiselle-kanda-de-harpsicat\/imgp2918r\/\" class=\"wp-image-1102\" srcset=\"https:\/\/chats-norvegiens-harpsicat.fr\/wp-content\/uploads\/2020\/10\/IMGP2918R.jpg 425w, https:\/\/chats-norvegiens-harpsicat.fr\/wp-content\/uploads\/2020\/10\/IMGP2918R-199x300.jpg 199w\" sizes=\"(max-width: 425px) 100vw, 425px\" \/><\/figure><\/li><li class=\"blocks-gallery-item\"><figure><img loading=\"lazy\" decoding=\"async\" width=\"425\" height=\"640\" src=\"https:\/\/chats-norvegiens-harpsicat.fr\/wp-content\/uploads\/2020\/10\/IMGP2171R.jpg\" alt=\"\" data-id=\"1103\" data-link=\"https:\/\/chats-norvegiens-harpsicat.fr\/index.php\/mademoiselle-kanda-de-harpsicat\/imgp2171r\/\" class=\"wp-image-1103\" srcset=\"https:\/\/chats-norvegiens-harpsicat.fr\/wp-content\/uploads\/2020\/10\/IMGP2171R.jpg 425w, https:\/\/chats-norvegiens-harpsicat.fr\/wp-content\/uploads\/2020\/10\/IMGP2171R-199x300.jpg 199w\" sizes=\"(max-width: 425px) 100vw, 425px\" \/><\/figure><\/li><li class=\"blocks-gallery-item\"><figure><img loading=\"lazy\" decoding=\"async\" width=\"640\" height=\"425\" src=\"https:\/\/chats-norvegiens-harpsicat.fr\/wp-content\/uploads\/2020\/10\/IMGP2676R1.jpg\" alt=\"\" data-id=\"1107\" data-link=\"https:\/\/chats-norvegiens-harpsicat.fr\/index.php\/mademoiselle-kanda-de-harpsicat\/imgp2676r1\/\" class=\"wp-image-1107\" srcset=\"https:\/\/chats-norvegiens-harpsicat.fr\/wp-content\/uploads\/2020\/10\/IMGP2676R1.jpg 640w, https:\/\/chats-norvegiens-harpsicat.fr\/wp-content\/uploads\/2020\/10\/IMGP2676R1-300x199.jpg 300w\" sizes=\"(max-width: 640px) 100vw, 640px\" \/><\/figure><\/li><\/ul><\/figure>\n\n\n\n<p><\/p>\n","protected":false},"excerpt":{"rendered":"<p>Jova et Dali de Harpsi&rsquo;Cat Son p\u00e9digr\u00e9e Mademoiselle Kanda est la fille de Jova et Dali, cette port\u00e9e tr\u00e8s attendue qui a donn\u00e9 de magnifiques chatons. Kanda a pris le relais de sa maman Jova, ses qualit\u00e9s alliant la douceur \u00e0 la beaut\u00e9.<\/p>\n","protected":false},"author":1,"featured_media":918,"parent":0,"menu_order":0,"comment_status":"closed","ping_status":"closed","template":"","meta":{"footnotes":""},"_links":{"self":[{"href":"https:\/\/chats-norvegiens-harpsicat.fr\/index.php\/wp-json\/wp\/v2\/pages\/765"}],"collection":[{"href":"https:\/\/chats-norvegiens-harpsicat.fr\/index.php\/wp-json\/wp\/v2\/pages"}],"about":[{"href":"https:\/\/chats-norvegiens-harpsicat.fr\/index.php\/wp-json\/wp\/v2\/types\/page"}],"author":[{"embeddable":true,"href":"https:\/\/chats-norvegiens-harpsicat.fr\/index.php\/wp-json\/wp\/v2\/users\/1"}],"replies":[{"embeddable":true,"href":"https:\/\/chats-norvegiens-harpsicat.fr\/index.php\/wp-json\/wp\/v2\/comments?post=765"}],"version-history":[{"count":9,"href":"https:\/\/chats-norvegiens-harpsicat.fr\/index.php\/wp-json\/wp\/v2\/pages\/765\/revisions"}],"predecessor-version":[{"id":1807,"href":"https:\/\/chats-norvegiens-harpsicat.fr\/index.php\/wp-json\/wp\/v2\/pages\/765\/revisions\/1807"}],"wp:featuredmedia":[{"embeddable":true,"href":"https:\/\/chats-norvegiens-harpsicat.fr\/index.php\/wp-json\/wp\/v2\/media\/918"}],"wp:attachment":[{"href":"https:\/\/chats-norvegiens-harpsicat.fr\/index.php\/wp-json\/wp\/v2\/media?parent=765"}],"curies":[{"name":"wp","href":"https:\/\/api.w.org\/{rel}","templated":true}]}}