{"id":32,"date":"2020-09-15T11:39:51","date_gmt":"2020-09-15T09:39:51","guid":{"rendered":"http:\/\/chats-norvegiens-harpsicat.fr\/?page_id=32"},"modified":"2020-10-12T22:37:47","modified_gmt":"2020-10-12T20:37:47","slug":"bienvenue","status":"publish","type":"page","link":"https:\/\/chats-norvegiens-harpsicat.fr\/","title":{"rendered":"Bienvenue !"},"content":{"rendered":"\n<p class=\"has-drop-cap has-text-color\" style=\"color:#5c1f74\"><span style=\"color:#5c1f74\" class=\"has-inline-color\">La chatterie Harpsi&rsquo;Cat est un \u00e9levage de chats des For\u00eats Norv\u00e9giennes, situ\u00e9 \u00e0 proximit\u00e9 de Besan\u00e7on en Franche-Comt\u00e9, dans l&rsquo;est de la France.<\/span><\/p>\n\n\n\n<p class=\"has-text-color\" style=\"color:#5c1f74\"><span style=\"color:#5c1f74\" class=\"has-inline-color\">Nous vous invitons \u00e0 venir d\u00e9couvrir notre univers ainsi que nos compagnons, et nous vous souhaitons une agr\u00e9able visite au fil des pages.<\/span><\/p>\n\n\n\n<p class=\"has-text-color\" style=\"color:#5c1f74\"><em><a href=\"http:\/\/chats-norvegiens-harpsicat.fr\/index.php\/la-chatterie\/\">En savoir plus<\/a><\/em> (<em>chatterie, s\u00e9curit\u00e9, conditions de vente<\/em>)<\/p>\n","protected":false},"excerpt":{"rendered":"<p>La chatterie Harpsi&rsquo;Cat est un \u00e9levage de chats des For\u00eats Norv\u00e9giennes, situ\u00e9 \u00e0 proximit\u00e9 de Besan\u00e7on en Franche-Comt\u00e9, dans l&rsquo;est de la France. Nous vous invitons \u00e0 venir d\u00e9couvrir notre univers ainsi que nos compagnons, et nous vous souhaitons une agr\u00e9able visite au fil des pages. En savoir plus (chatterie, s\u00e9curit\u00e9, conditions de vente)<\/p>\n","protected":false},"author":1,"featured_media":0,"parent":0,"menu_order":0,"comment_status":"closed","ping_status":"closed","template":"","meta":{"footnotes":""},"_links":{"self":[{"href":"https:\/\/chats-norvegiens-harpsicat.fr\/index.php\/wp-json\/wp\/v2\/pages\/32"}],"collection":[{"href":"https:\/\/chats-norvegiens-harpsicat.fr\/index.php\/wp-json\/wp\/v2\/pages"}],"about":[{"href":"https:\/\/chats-norvegiens-harpsicat.fr\/index.php\/wp-json\/wp\/v2\/types\/page"}],"author":[{"embeddable":true,"href":"https:\/\/chats-norvegiens-harpsicat.fr\/index.php\/wp-json\/wp\/v2\/users\/1"}],"replies":[{"embeddable":true,"href":"https:\/\/chats-norvegiens-harpsicat.fr\/index.php\/wp-json\/wp\/v2\/comments?post=32"}],"version-history":[{"count":17,"href":"https:\/\/chats-norvegiens-harpsicat.fr\/index.php\/wp-json\/wp\/v2\/pages\/32\/revisions"}],"predecessor-version":[{"id":1732,"href":"https:\/\/chats-norvegiens-harpsicat.fr\/index.php\/wp-json\/wp\/v2\/pages\/32\/revisions\/1732"}],"wp:attachment":[{"href":"https:\/\/chats-norvegiens-harpsicat.fr\/index.php\/wp-json\/wp\/v2\/media?parent=32"}],"curies":[{"name":"wp","href":"https:\/\/api.w.org\/{rel}","templated":true}]}}